ded by 5?
2
What is the remainder when 130 is divided by 35?
25
Calculate the remainder when 70 is divided by 43.
27
Calculate the remainder when 561 is divided by 42.
15
Calculate the remainder when 98 is divided by 91.
7
What is the remainder when 294 is divided by 50?
44
Calculate the remainder when 357 is divided by 9.
6
Calculate the remainder when 165 is divided by 7.
4
What is the remainder when 222 is divided by 69?
15
Calculate the remainder when 1194 is divided by 577.
40
What is the remainder when 103 is divided by 44?
15
What is the remainder when 7445 is divided by 11?
9
What is the remainder when 84 is divided by 15?
9
Calculate the remainder when 808 is divided by 9.
7
Calculate the remainder when 3419 is divided by 683.
4
Calculate the remainder when 220 is divided by 46.
36
Calculate the remainder when 78 is divided by 10.
8
What is the remainder when 97 is divided by 14?
13
Calculate the remainder when 1187 is divided by 70.
67
Calculate the remainder when 42 is divided by 4.
2
What is the remainder when 2211 is divided by 9?
6
Calculate the remainder when 18183 is divided by 21.
18
What is the remainder when 203 is divided by 12?
11
What is the remainder when 87 is divided by 24?
15
What is the remainder when 610 is divided by 51?
49
Calculate the remainder when 1030 is divided by 208.
198
Calculate the remainder when 1508 is divided by 126.
122
What is the remainder when 592 is divided by 296?
0
Calculate the remainder when 303 is divided by 78.
69
Calculate the remainder when 4842 is divided by 173.
171
What is the remainder when 283 is divided by 59?
47
What is the remainder when 40387 is divided by 153?
148
Calculate the remainder when 3751 is divided by 1874.
3
Calculate the remainder when 326 is divided by 23.
4
Calculate the remainder when 351 is divided by 6.
3
Calculate the remainder when 740 is divided by 62.
58
Calculate the remainder when 2136 is divided by 69.
66
What is the remainder when 269 is divided by 27?
26
Calculate the remainder when 383 is divided by 69.
38
What is the remainder when 141 is divided by 29?
25
What is the remainder when 2030 is divided by 63?
14
Calculate the remainder when 1878 is divided by 277.
216
What is the remainder when 31063 is divided by 49?
46
What is the remainder when 470 is divided by 233?
4
What is the remainder when 3336 is divided by 185?
6
Calculate the remainder when 2572 is divided by 1286.
0
What is the remainder when 1240 is divided by 54?
52
Calculate the remainder when 190 is divided by 5.
0
What is the remainder when 38 is divided by 9?
2
What is the remainder when 453 is divided by 76?
73
What is the remainder when 882 is divided by 879?
3
Calculate the remainder when 121 is divided by 43.
35
Calculate the remainder when 248 is divided by 31.
0
Calculate the remainder when 125 is divided by 16.
13
Calculate the remainder when 58 is divided by 18.
4
Calculate the remainder when 2183 is divided by 48.
23
What is the remainder when 384 is divided by 127?
3
Calculate the remainder when 339 is divided by 86.
81
Calculate the remainder when 741 is divided by 246.
3
Calculate the remainder when 321 is divided by 54.
51
Calculate the remainder when 2041 is divided by 156.
13
Calculate the remainder when 3066 is divided by 24.
18
Calculate the remainder when 191 is divided by 104.
87
Calculate the remainder when 462 is divided by 113.
10
Calculate the remainder when 4741 is divided by 50.
41
Calculate the remainder when 403 is divided by 151.
101
Calculate the remainder when 309 is divided by 66.
45
Calculate the remainder when 28487 is divided by 31.
29
What is the remainder when 6548 is divided by 177?
176
Calculate the remainder when 218 is divided by 65.
23
Calculate the remainder when 6676 is divided by 139.
4
Calculate the remainder when 163 is divided by 35.
23
Calculate the remainder when 507 is divided by 130.
117
Calculate the remainder when 3762 is divided by 12.
6
What is the remainder when 1561 is divided by 105?
91
Calculate the remainder when 293 is divided by 174.
119
Calculate the remainder when 123 is divided by 48.
27
Calculate the remainder when 12 is divided by 6.
0
What is the remainder when 1743 is divided by 9?
6
Calculate the remainder when 305 is divided by 142.
21
What is the remainder when 339 is divided by 20?
19
What is the remainder when 112 is divided by 70?
42
Calculate the remainder when 665 is divided by 112.
105
What is the remainder when 48 is divided by 13?
9
What is the remainder when 111 is divided by 17?
9
What is the remainder when 852 is divided by 172?
164
What is the remainder when 428 is divided by 54?
50
What is the remainder when 40 is divided by 2?
0
Calculate the remainder when 194 is divided by 22.
18
Calculate the remainder when 1257 is divided by 10.
7
Calculate the remainder when 3939 is divided by 84.
75
Calculate the remainder when 767 is divided by 251.
14
What is the remainder when 26739 is divided by 20?
19
Calculate the remainder when 80 is divided by 49.
31
What is the remainder when 491 is divided by 41?
40
Calculate the remainder when 4710 is divided by 1176.
6
Calculate the remainder when 243 is divided by 140.
103
What is the remainder when 686 is divided by 125?
61
Calculate the remainder when 77 is divided by 73.
4
What is the remainder when 224 is divided by 30?
14
Calculate the remainder when 472 is divided by 155.
7
Calculate the remainder when 90 is divided by 14.
6
What is the remainder when 188 is divided by 49?
41
What is the remainder when 7464 is divided by 79?
38
What is the remainder when 56 is divided by 45?
11
What is the remainder when 841 is divided by 831?
10
Calculate the remainder when 8 is divided by 8.
0
What is the remainder when 330 is divided by 26?
18
Calculate the remainder when 160 is divided by 27.
25
Calculate the remainder when 33093 is divided by 26.
21
What is the remainder when 389 is divided by 11?
4
What is the remainder when 112 is divided by 64?
48
Calculate the remainder when 2374 is divided by 25.
24
Calculate the remainder when 6417 is divided by 169.
164
What is the remainder when 634 is divided by 20?
14
What is the remainder when 2070 is divided by 85?
30
What is the remainder when 319 is divided by 206?
113
What is the remainder when 2047 is divided by 50?
47
Calculate the remainder when 4347 is divided by 1444.
15
What is the remainder when 534 is divided by 133?
2
What is the remainder when 112830 is divided by 21?
18
What is the remainder when 1349 is divided by 104?
101
What is the remainder when 1034 is divided by 512?
10
What is the remainder when 156 is divided by 23?
18
What is the remainder when 9475 is divided by 79?
74
What is the remainder when 1295 is divided by 401?
92
What is the remainder when 1824 is divided by 1820?
4
What is the remainder when 6642 is divided by 22?
20
Calculate the remainder when 4785 is divided by 129.
12
What is the remainder when 425 is divided by 121?
62
What is the remainder when 1767 is divided by 118?
115
Calculate the remainder when 238 is divided by 10.
8
Calculate the remainder when 112 is divided by 47.
18
Calculate the remainder when 3862 is divided by 24.
22
Calculate the remainder when 118 is divided by 17.
16
What is the remainder when 806 is divided by 10?
6
What is the remainder when 195 is divided by 18?
15
What is the remainder when 333 is divided by 67?
65
What is the remainder when 128 is divided by 122?
6
Calculate the remainder when 1483 is divided by 36.
7
Calculate the remainder when 1146 is divided by 12.
6
Calculate the remainder when 584 is divided by 49.
45
What is the remainder when 132 is divided by 21?
6
What is the remainder when 1048 is divided by 14?
12
Calculate the remainder when 1845 is divided by 77.
74
What is the remainder when 1110 is divided by 23?
6
What is the remainder when 495 is divided by 248?
247
Calculate the remainder when 173 is divided by 151.
22
What is the remainder when 51 is divided by 24?
3
Calculate the remainder when 1450 is divided by 479.
13
What is the remainder when 665 is divided by 29?
27
What is the remainder when 131 is divided by 44?
43
Calculate the remainder when 581 is divided by 59.
50
Calculate the remainder when 183 is divided by 22.
7
Calculate t